e of -t**5/60 + t**4/4 + t**3/6 + 2*t**2. What is c(7)?
-6
Let j(a) = -11*a**2 - 3*a - 1. Let r(k) = 12*k**2 + 4*k + 1. Let y(f) = 4*j(f) + 3*r(f). Calculate y(-1).
-9
Let x(p) = 0*p**2 + 3*p**2 - 2*p**2 + 1 + 5. Give x(0).
6
Suppose 0 = 4*p - p + 5*y + 37, -4*p + 2*y - 6 = 0. Let c(a) = 2*a + 1. What is c(p)?
-7
Suppose 0*n - 5*n + 2*w + 33 = 0, 5*n + w - 21 = 0. Let s(u) = 11*u - 1. Let x(r) = -10*r + 1. Let f(i) = n*x(i) + 4*s(i). Let q be 1/((-2)/2)*-1. Give f(q).
-5
Let r(k) = -5*k - 1. Suppose -3 = 4*d + 13, 5*s = -2*d - 3. Give r(s).
-6
Let j(i) be the third derivative of i**5/60 - i**4/12 - 2*i**3/3 - i**2. Let w = 23 + -32. Let b = -5 - w. Calculate j(b).
4
Let i(y) = y**3 + y + 1. Let t(n) = -9*n**3 + n**2 - 5*n - 5. Let w(h) = -5*i(h) - t(h). Let a(m) = m**3 + 2*m**2 - 2*m - 3. Let p be a(-2). Give w(p).
3
Let z(r) be the third derivative of r**4/24 - 7*r**3/6 - 10*r**2. Determine z(5).
-2
Let a(c) = 4*c + 23. Let t(n) = 18*n - 36*n - 11 + 16*n. Let x(m) = -2*a(m) - 5*t(m). Determine x(-6).
-3
Suppose 3*i = -i + 20. Let f(d) = 3*d**2 - 2*d + 3. Let w(y) = 2*y**2 - 2*y + 2. Let u(m) = i*w(m) - 4*f(m). What is u(-2)?
-6
Let s(p) = p**3 - 5*p**2 - p. Suppose -5*x + q + 3*q + 29 = 0, 0 = 3*x - 5*q - 20. Calculate s(x).
-5
Suppose -26 = 5*w - 1. Let j(s) = -3*s - 12. Let k(u) = -8 + 0 - 2*u + 0. Let m(v) = w*j(v) + 7*k(v). Give m(-4).
0
Let q(a) = a**3 + a**2 - 4. Suppose 4*b = -b. Determine q(b).
-4
Suppose -b + 2 = b. Let d(v) = v**3 + v + 1. Let j(h) = h**3 + 4*h**2 - h + 6. Let g(o) = b*j(o) - 2*d(o). Let p = 1 + 3. Give g(p).
-8
Suppose 3*q = 3*o + 4*q + 11, 2*o - 3*q + 22 = 0. Let m(a) = a**2 + 2*a - 5. Let s be m(-4). Let v(h) = 10 + 0 - s + h. What is v(o)?
2
Let n(y) = y**2 - 2*y - 2. Let m(c) = c - 8. Let t be m(6). Calculate n(t).
6
Let v = -2 - -1. Let z(p) = -p**2 + p + 1. Let g(o) = 24*o**2 - 22*o - 22. Let t(f) = -2*g(f) - 44*z(f). Determine t(v).
-4
Let a(r) = r**2 + 2*r - 3. Suppose -3 = 3*u - 15. Let g be (-5)/(-3)*(2 + 1). Suppose -5*p - 15 = g*x, -u*p + x + 10 = -3. Determine a(p).
5
Suppose 0 = 16*m + 35 + 29. Let q(n) = 0 + 5 - 3*n + 5*n. Determine q(m).
-3
Let i(b) = -b**2 - 3*b - 3. Let k(r) = r**2 + r - 4. Let a be k(-2). Give i(a).
-1
Let x(b) = 92 + b - 92. Give x(7).
7
Let y(g) = 1 + 3 - 3. Let z(m) = -m + 3. Let b(v) = -3*y(v) + z(v). Suppose 6*a - 36 = 2*a - 4*u, 2*u - 23 = -3*a. Calculate b(a).
-5
Let r be -2 - 1*(-3 + 4). Let b = -1 + 4. Let n(g) = b*g + 1 - g**3 + 0*g + g**2 - 3*g**2. What is n(r)?
1
Suppose 2*s = 4*g - 5*g - 8, -s = -5*g + 15. Let l(a) = a**2 + 7*a - 6. Give l(s).
-16
Suppose p - 13 - 10 = 5*y, 3*p - 9 = -5*y. Let l(i) = i**2 - 8*i + 1. Let v be l(p). Let t(z) = z - 1. Give t(v).
0
Let x = -1 + 0. Let t(q) = 148 + 3*q - 148 - 6*q - 5*q. What is t(x)?
8
Let f(o) = -18 + 13 + 3*o - 2*o. Give f(0).
-5
Let w(y) = y - 1. Let h(v) = -v - 8. Let g be h(-9). Let b be w(g). Let n(i) = i**2 - 3. Calculate n(b).
-3
Let q(w) = w**2 - w - 1. Let s(i) = 3*i**2 + 2*i - 5. Let y(v) = 4*q(v) - s(v). Suppose 0 = -4*l + j + 20, 0*j = 4*l - 4*j - 8. What is y(l)?
1
Suppose 4*o + 6 = -m + 6*m, -3*o = -3*m + 3. Suppose f + 5*w = -7, -3*f + 11 = w - m*w. Let n(b) = -5*b + 4. Give n(f).
-11
Let u = -1 + -3. Let j be (1 + 0)*(-1 - u). Let x(s) = 6*s - s + 0*s - s**2 + j. Calculate x(5).
3
Suppose 3*f = 3*y + 3 - 0, -5 = f + 5*y. Let u(z) = 2*z - 13. Let j(h) = -3*h + 19. Let s(r) = 5*j(r) + 7*u(r). Give s(f).
4
Let a(i) = 7 + 4*i + 2*i**3 - 4*i**3 + i**3 - 3*i. Let r be a(0). Let m(n) = n**2 - 6*n - 1. Give m(r).
6
Let j = 17 - 13. Let k(m) = j - m + 3 - 2 - 2. Calculate k(0).
3
Suppose -7*p + 11*p + 44 = 0. Let h(c) = -c**2 - 12*c - 16. Calculate h(p).
-5
Let x be 2/(-8) - (-6)/20. Let y(f) be the second derivative of x*f**5 + 0 + 3*f**2 + 1/3*f**4 - 5/6*f**3 + 3*f. What is y(-5)?
6
Let g(o) = 32*o + 39*o - 1 - 6*o**2 - 71*o. What is g(-1)?
-7
Let z(f) = 7*f**2 - 11*f + 1. Let r(w) = 10*w**2 - 17*w + 2. Let g(i) = 5*r(i) - 7*z(i). What is g(8)?
3
Let q(w) = 5*w + 4. Let k(c) = -2*c - 2. Let g(z) = -14*k(z) - 6*q(z). Give g(-4).
12
Let l(v) be the first derivative of -v**4/2 + 4*v**3/3 - 2*v**2 + 3*v + 1. Let g be l(2). Let d(u) = u**2 + 7*u + 4. Calculate d(g).
-6
Let z = -8 + 10. Suppose 5*d = z + 23. Let o be 10/(-4)*(-8)/d. Let q(k) = -k**3 + 5*k**2 - 4*k + 5. What is q(o)?
5
Let q(k) = 4*k. Let a = 18 - 16. What is q(a)?
8
Let f(u) be the second derivative of -u**4/12 + 2*u. Suppose -w = -4*l + l + 8, -l = w. Give f(w).
-4
Let m = 7 - 5. Let g(d) = d**2 - 2 - 5*d**m + d + 2. What is g(-1)?
-5
Let d(i) be the first derivative of i**2 - 2 + 1/3*i**3 + i + 1/4*i**4. Let n(t) = -t + 5. Let a be n(6). Give d(a).
-1
Let p(z) = z - 2. Suppose -4 = -4*a + 16. Let v be p(a). Let q(u) = -2*u**2 - 7 + 3*u**2 - v*u - 2*u. Determine q(5).
-7
Let m be (2/3)/((-2)/(-9)). Let c(g) = g**2 - 4*g - 5. Let o be c(5). Let p(y) = y**2 - 6*y + o*y + 3*y + 4. Calculate p(m).
4
Let v(s) = s**2 - 8*s + 5. Let j(o) = o**2 - 2*o + 4. Let l be j(3). Let b be v(l). Let m(h) be the first derivative of h**2 - h - 6. Determine m(b).
-5
Suppose 16 = -s + 5*j + 1, 4*j - 28 = 4*s. Let f(o) = -o**2 - 5*o + 7. Give f(s).
7
Suppose 0 = -k - i - 5 - 57, -8 = -2*i. Let z be 1/(-4) - k/(-24). Let n(h) = -h**2 - 5*h - 1. Give n(z).
5
Let o(m) = m + 3. Let t(x) = 1. Let g(l) = -o(l) + 3*t(l). Determine g(-5).
5
Let d(u) = -u**2 - 9*u - 1. Let x be d(-9). Let c(z) = 6*z**2 + 21*z + 5. Let s(r) = -r**2 - 4*r - 1. Let a(f) = -2*c(f) - 11*s(f). Determine a(x).
-2
Let g(f) = f**3 - 6*f**2 + 6*f. Suppose 0 = -4*w + 16 - 4, -13 = -2*h - w. Suppose 0 = 5*v + 3*k - 14, -5*k + 6 = h*v - 4. Determine g(v).
-8
Let u(r) = -39*r**2 - r**3 + 124*r**2 - 6*r + 7 - 41*r**2 - 37*r**2. Determine u(6).
7
Let u(c) be the first derivative of -c**3/3 + c**2/2 + c - 2. Determine u(0).
1
Let d(f) = 4*f + 1. Let m = 18 - 15. Calculate d(m).
13
Let q(k) = -k**3 + 5*k**2 - 3*k + 3. Suppose -5*z - 6 = -26. Give q(z).
7
Let t(s) = -4*s**2 - 2*s**2 + 4 + s**2 - s**3 + 8*s - 7. Determine t(-6).
-15
Let b = 8 - -4. Let v be (-63)/b - (-12)/(-16). Let g(o) = -o**2 - 5*o + 7. Give g(v).
1
Let g(k) = k**2 - 6*k + 4. Let z be (-5)/(-5)*-2 + 6. Calculate g(z).
-4
Suppose 0*w - 2*w + 6 = 0. Let t(o) be the first derivative of -o**4/4 + o**3 + o**2/2 - o + 2. Determine t(w).
2
Let g(v) = 15*v**2 - 2*v - 14. Let k(w) = -7*w**2 + w + 7. Let u(q) = -6*g(q) - 13*k(q). Calculate u(0).
-7
Let t be (56/(-6))/(2/(-3)). Suppose -q - 4*y - 4 = 3*q, -q = -2*y - t. Let b(r) = r**3 - 3*r**2 - 2*r - 4. Determine b(q).
4
Let g(k) = -7*k - 2. Let s(t) = 13*t + 5. Let l(m) = 11*g(m) + 6*s(m). Let b be l(-6). Let f(j) = j - j + 3 - j**b - j. Give f(0).
3
Let x(r) = -r**2 + 5*r + 4. Suppose 8*s - 14*s = -36. What is x(s)?
-2
Let o(u) be the third derivative of u**5/15 + 11*u**2. Give o(-1).
4
Let h(g) = -g**3 + 4*g**2 - 2*g + 4. Let l(b) = -2 - b - 3*b - b. Let u be l(-6). Suppose -4*o = 3*t - u, -5*t + 6*o - o = 0. Give h(t).
-4
Let r(z) = 2*z**2 + 8*z + 6. Let x = -18 + 13. What is r(x)?
16
Let m(g) = -2*g + 3. Let v(f) = 4*f - 6. Let a(i) = -13*m(i) - 6*v(i). Give a(-4).
-11
Suppose 0 = 3*k - 2*y + 10, -k - 4*k + 4*y - 18 = 0. Suppose 4*g = 4*b, 20 = 3*g + 5. Let d(u) = 3*u - b*u - 4*u**2 + u**3 - 2 + 5*u**2. Give d(k).
-2
Let s(x) be the second derivative of -x**3/3 + 3*x**2/2 + 4*x. What is s(5)?
-7
Let n = -18 + 11. Let a be (-33)/n + 2/7. Let x(h) = h**2 - 5*h. Give x(a).
0
Let m(q) = -7*q + 1. Let k(y) be the first derivative of -y**2/2 - 7*y + 3. Let a be k(-10). Suppose 8 = 4*h, -a*r - 2*h + 11 = 2*h. What is m(r)?
-6
Let i be 0 + (6/3 - -2). Suppose -2*z + 1 = 3*a, 3*z + a + i*a - 1 = 0. Let w(f) = 2*f - f**z - f + f. Determine w(2).
0
Let o(g) = -g**2 + 5*g - 8. Let k(d) = d**2 - 4*d + 8. Let b(q) = 3*k(q) + 4*o(q). Determine b(7).
-1
Let c(o) = o - 3 - 7*o + 2*o - 3*o**2. Suppose 3*y + 3*d + d = 13, -d - 14 = -5*y. Let m = -5 + y. Calculate c(m).
-7
Let p(h) = -h**3 - 6*h**2 - 5*h + 3. Let z be p(-5). Let w(a) = -6*a - 7. Let i(r) = 7*r + 8. Let n(b) = -3*i(b) - 4*w(b). Give n(z).
13
Suppose -4*v + 4*u - 14 = -7*v, 0 = -2*u + 10. Let j(d) = 4*d**2 + 2*d - 1. Determine j(v).
11
Let y(i) = i**2 + i - 8. Let w(j) = -j**3 - 6*j**3 - 15 + 15*j**2 + j + 6*j**3. Let l be w(15). What is y(l)?
-8
Let